igit of 4592?
4
What is the thousands digit of 38792?
8
What is the ten thousands digit of 27385?
2
What is the thousands digit of 22032?
2
What is the tens digit of 67693?
9
What is the ten thousands digit of 84387?
8
What is the hundreds digit of 579?
5
What is the tens digit of 7724?
2
What is the tens digit of 524?
2
What is the hundreds digit of 4291?
2
What is the thousands digit of 2943?
2
What is the hundreds digit of 1676?
6
What is the tens digit of 16975?
7
What is the tens digit of 25983?
8
What is the units digit of 16247?
7
What is the tens digit of 10890?
9
What is the thousands digit of 95379?
5
What is the tens digit of 417?
1
What is the tens digit of 27028?
2
What is the units digit of 2141?
1
What is the ten thousands digit of 98673?
9
What is the units digit of 60902?
2
What is the hundreds digit of 4946?
9
What is the hundreds digit of 2915?
9
What is the tens digit of 97927?
2
What is the thousands digit of 6134?
6
What is the thousands digit of 1012?
1
What is the hundreds digit of 755?
7
What is the hundreds digit of 3115?
1
What is the tens digit of 1259?
5
What is the thousands digit of 27921?
7
What is the hundreds digit of 201?
2
What is the units digit of 253?
3
What is the ten thousands digit of 20819?
2
What is the hundreds digit of 32488?
4
What is the ten thousands digit of 13785?
1
What is the tens digit of 2591?
9
What is the tens digit of 875?
7
What is the thousands digit of 47041?
7
What is the units digit of 17419?
9
What is the tens digit of 82667?
6
What is the thousands digit of 174552?
4
What is the tens digit of 3191?
9
What is the tens digit of 11954?
5
What is the ten thousands digit of 136718?
3
What is the units digit of 10921?
1
What is the tens digit of 46054?
5
What is the units digit of 2895?
5
What is the ten thousands digit of 21847?
2
What is the hundreds digit of 861?
8
What is the tens digit of 25633?
3
What is the units digit of 119588?
8
What is the tens digit of 49638?
3
What is the units digit of 37374?
4
What is the hundreds digit of 20444?
4
What is the units digit of 179?
9
What is the hundreds digit of 1089?
0
What is the thousands digit of 6434?
6
What is the ten thousands digit of 21513?
2
What is the tens digit of 1228?
2
What is the tens digit of 1807?
0
What is the ten thousands digit of 22207?
2
What is the units digit of 60639?
9
What is the units digit of 7606?
6
What is the hundreds digit of 25087?
0
What is the hundreds digit of 50367?
3
What is the hundreds digit of 4022?
0
What is the tens digit of 193841?
4
What is the thousands digit of 5827?
5
What is the tens digit of 743?
4
What is the hundreds digit of 351?
3
What is the units digit of 111885?
5
What is the units digit of 1501?
1
What is the units digit of 459?
9
What is the hundreds digit of 4949?
9
What is the hundreds digit of 7434?
4
What is the tens digit of 1307?
0
What is the hundreds digit of 8561?
5
What is the hundreds digit of 976?
9
What is the units digit of 3876?
6
What is the hundreds digit of 4732?
7
What is the units digit of 579?
9
What is the hundreds digit of 1394?
3
What is the tens digit of 4816?
1
What is the hundreds digit of 30303?
3
What is the tens digit of 359?
5
What is the units digit of 537?
7
What is the thousands digit of 22704?
2
What is the units digit of 36333?
3
What is the units digit of 12465?
5
What is the hundreds digit of 4271?
2
What is the hundreds digit of 102777?
7
What is the units digit of 1249?
9
What is the tens digit of 2052?
5
What is the hundreds digit of 4075?
0
What is the units digit of 766?
6
What is the units digit of 2011?
1
What is the units digit of 860?
0
What is the units digit of 1138?
8
What is the tens digit of 34944?
4
What is the thousands digit of 12935?
2
What is the hundreds digit of 27249?
2
What is the hundreds digit of 17674?
6
What is the thousands digit of 99233?
9
What is the tens digit of 35868?
6
What is the units digit of 1254?
4
What is the hundreds digit of 16718?
7
What is the tens digit of 9074?
7
What is the thousands digit of 87978?
7
What is the thousands digit of 1724?
1
What is the tens digit of 9269?
6
What is the hundreds digit of 177?
1
What is the ten thousands digit of 64118?
6
What is the thousands digit of 4182?
4
What is the units digit of 1024?
4
What is the ten thousands digit of 59002?
5
What is the tens digit of 283?
8
What is the hundreds digit of 2929?
9
What is the thousands digit of 1096?
1
What is the ten thousands digit of 40338?
4
What is the tens digit of 731?
3
What is the hundreds digit of 1146?
1
What is the units digit of 6352?
2
What is the hundreds digit of 7100?
1
What is the units digit of 27162?
2
What is the tens digit of 2656?
5
What is the units digit of 939?
9
What is the hundreds digit of 1982?
9
What is the units digit of 12654?
4
What is the units digit of 46006?
6
What is the thousands digit of 79952?
9
What is the thousands digit of 3130?
3
What is the hundreds digit of 7428?
4
What is the tens digit of 851?
5
What is the tens digit of 79104?
0
What is the hundreds digit of 1370?
3
What is the units digit of 56489?
9
What is the units digit of 249?
9
What is the tens digit of 32382?
8
What is the tens digit of 1467?
6
What is the units digit of 12062?
2
What is the hundreds digit of 25475?
4
What is the hundreds digit of 64823?
8
What is the tens digit of 5868?
6
What is the units digit of 9740?
0
What is the units digit of 949?
9
What is the hundreds digit of 2466?
4
What is the units digit of 62966?
6
What is the ten thousands digit of 91923?
9
What is the units digit of 34972?
2
What is the tens digit of 950?
5
What is the tens digit of 1616?
1
What is the tens digit of 69010?
1
What is the tens digit of 5161?
6
What is the hundreds digit of 8213?
2
What is the units digit of 35342?
2
What is the tens digit of 4489?
8
What is the hundreds digit of 1243?
2
What is the tens digit of 236?
3
What is the hundreds digit of 18276?
2
What is the tens digit of 927?
2
What is the tens digit of 1886?
8
What is the hundreds digit of 48790?
7
What is the thousands digit of 13609?
3
What is the tens digit of 4332?
3
What is the thousands digit of 4021?
4
What is the tens digit of 16793?
9
What is the units digit of 1268?
8
What is the units digit of 25044?
4
What is the thousands digit of 5637?
5
What is the units digit of 1146?
6
What is the units digit of 4589?
9
What is the hundreds digit of 20375?
3
What is the tens digit of 686?
8
What is the tens digit of 5260?
6
What is the tens digit of 4222?
2
What is the units digit of 6160?
0
What is the tens digit of 827?
2
What is the hundreds digit of 1056?
0
What is the ten thousands digit of 10881?
1
What is the ten thousands digit of 119889?
1
What is the units digit of 20856?
6
What is the hundreds digit of 770?
7
What is the hundreds digit of 770?
7
What is the units digit of 1147?
7
What is the thousands digit of 19022?
9
What is the units digit of 276?
6
What is the tens digit of 5235?
3
What is the ten thousands digit of 16578?
1
What is the tens digit of 22?
2
What is the hundreds digit of 24800?
8
What is the thousands digit of 1467?
1
What is the hundreds digit of 4666?
6
What is the hundreds digit of 6444?
4
What is the tens digit of 1737?
3
What is the units digit of 6788?
8
What is the thousands digit of 21953?
1
What is the tens digit of 38283?
8
What is the tens digit of 4663?
6
What is the thousands digit of 2750?
2
What is the thousands digit of 6166?
6
What is the thousands digit of 8895?
8
What is the units digit of 65686?
6
What is the hundreds digit of 23306?
3
What is the hundreds digit of 891?
8
What is the units digit of 2306?
6
What is the hundreds digit of 32097?
0
What is the thousands digit of 14584?
4
What is the units digit of 30474?
4
What is the thousands digit of 2462?
2
What is the ten thousands digit of 30383?
3
What is the units digit of 35194?
4
What is the tens digit of 750?
5
What is the tens digit of 26208?
0
What is the tens digit of 4280?
8
What is the units digit of 2235?
5
What is the tens digit of 417?
1
What is the hundreds digit of 2941?
9
What is the hundreds digit of 4286?
2
What is the units digit of 103473?
3
What is the hundreds digit of 74716?
7
What is the tens digit of 1589?
8
What is the u